{"id":297,"date":"2011-09-06T21:57:03","date_gmt":"2011-09-06T20:57:03","guid":{"rendered":"https:\/\/www.lepeuplequimanque.org\/bal\/pierre-yves-vandeweerd"},"modified":"2023-11-04T19:23:33","modified_gmt":"2023-11-04T18:23:33","slug":"pierre-yves-vandeweerd","status":"publish","type":"page","link":"https:\/\/www.lepeuplequimanque.org\/en\/bal\/pierre-yves-vandeweerd\/","title":{"rendered":"Tuesday September 20, 2011 \/ Opening \/ Pierre-Yves Vandeweerd"},"content":{"rendered":"[vc_row type=&#8221;in_container&#8221; full_screen_row_position=&#8221;middle&#8221; column_margin=&#8221;default&#8221; column_direction=&#8221;default&#8221; column_direction_tablet=&#8221;default&#8221; column_direction_phone=&#8221;default&#8221; scene_position=&#8221;center&#8221; text_color=&#8221;dark&#8221; text_align=&#8221;left&#8221; row_border_radius=&#8221;none&#8221; row_border_radius_applies=&#8221;bg&#8221; overflow=&#8221;visible&#8221; overlay_strength=&#8221;0.3&#8243; gradient_direction=&#8221;left_to_right&#8221; shape_divider_position=&#8221;bottom&#8221; bg_image_animation=&#8221;none&#8221;][vc_column column_padding=&#8221;no-extra-padding&#8221; column_padding_tablet=&#8221;inherit&#8221; column_padding_phone=&#8221;inherit&#8221; column_padding_position=&#8221;all&#8221; column_element_direction_desktop=&#8221;default&#8221; column_element_spacing=&#8221;default&#8221; desktop_text_alignment=&#8221;default&#8221; tablet_text_alignment=&#8221;default&#8221; phone_text_alignment=&#8221;default&#8221; background_color_opacity=&#8221;1&#8243; background_hover_color_opacity=&#8221;1&#8243; column_backdrop_filter=&#8221;none&#8221; column_shadow=&#8221;none&#8221; column_border_radius=&#8221;none&#8221; column_link_target=&#8221;_self&#8221; column_position=&#8221;default&#8221; gradient_direction=&#8221;left_to_right&#8221; overlay_strength=&#8221;0.3&#8243; width=&#8221;1\/1&#8243; tablet_width_inherit=&#8221;default&#8221; animation_type=&#8221;default&#8221; bg_image_animation=&#8221;none&#8221; border_type=&#8221;simple&#8221; column_border_width=&#8221;none&#8221; column_border_style=&#8221;solid&#8221;][vc_column_text]\n<div align=\"center\">\n<div align=\"center\">\n<p>&nbsp;<\/p>\n<p><span style=\"font-size: large;\"><strong>Territoire perdu<\/strong><br \/>\n<\/span><strong><span style=\"font-size: large;\">de Pierre-Yves Vandeweerd<br \/>\n<\/span>(80 min, 2010, France)<\/strong><\/p>\n<p>Avant-premi\u00e8re, en sa pr\u00e9sence<br \/>\n<strong>Ouverture du cycle<\/strong><br \/>\n<strong><br \/>\n<span style=\"font-size: small;\">Mardi 20 septembre 2011, 20h<\/span><br \/>\nCin\u00e9ma des Cin\u00e9astes<br \/>\n<\/strong><\/p>\n<\/div>\n<div align=\"center\"><a title=\"Territoire perdu de Pierre-Yves Vandeweerd, courtesy ZEUGMA FILMS\" href=\"https:\/\/www.lepeuplequimanque.org\/wp-content\/gallery\/bal2011\/Pierre-Yves-Vandeweerd-TerritroirePerdu-1.jpg\" rel=\"prettyPhoto[gallery-w52c]\"><img decoding=\"async\" style=\"width: 555px; height: 412px;\" title=\"Territoire perdu de Pierre-Yves Vandeweerd, courtesy ZEUGMA FILMS\" src=\"https:\/\/www.lepeuplequimanque.org\/wp-content\/gallery\/bal2011\/Pierre-Yves-Vandeweerd-TerritroirePerdu-1.jpg\" alt=\"Pierre-Yves-Vandeweerd-TerritroirePerdu-1.jpg\" \/><\/a><\/div>\n<p>&nbsp;<\/p>\n<p align=\"justify\">Travers\u00e9 par un mur de 2400 Km construit par l\u2019arm\u00e9e marocaine, le Sahara occidental est aujourd\u2019hui d\u00e9coup\u00e9 en deux parties, l\u2019une occup\u00e9e par le Maroc, l\u2019autre sous contr\u00f4le du Front de Lib\u00e9ration du Sahara occidental (Polisario). A partir de r\u00e9cits de fuite et d\u2019exil, d\u2019interminables attentes, de vies arr\u00eat\u00e9es et pers\u00e9cut\u00e9es, venus des deux c\u00f4t\u00e9s du mur, ce film esquisse un portrait du peuple sahraoui, de ce territoire \u00e0 l\u2019image d\u2019un d\u00e9sert des Tartares, de son enfermement dans les r\u00eaves des uns et des autres. Dans une esth\u00e9tique qui sublime le r\u00e9el, Territoire perdu r\u00e9sonne comme une partition contrast\u00e9e entre paysages sonores, connaissance strat\u00e9gique du d\u00e9sert, g\u00e9opo\u00e9tique nomade et guerre de basse intensit\u00e9.<\/p>\n<p align=\"justify\"><em>Pierre-Yves Vandeweerd est un cin\u00e9aste belge. Ses films ont \u00e9t\u00e9, pour la plupart, tourn\u00e9s en Afrique : en Mauritanie (N\u00e9madis, des ann\u00e9es sans nouvelles \/ Racines lointaines \/ Le Cercle des noy\u00e9s), au Sahara occidental (Les Dormants \/ Territoire perdu), au Soudan (Closed district) et ont re\u00e7u de nombreux prix, dont le 1er Prix aux Ecrans Documentaires d\u2019Arcueil, Prix FIPRESCI au Festival de Fribourg, 1er Prix aux Escales documentaires de la Rochelle, etc.<\/em><\/p>\n<p>&nbsp;<\/p>\n<div align=\"right\">Curateurs: Aliocha Imhoff &amp; Kantuta Quiros<\/div>\n<p align=\"justify\">\u00a0<\/p>\n<\/div>\n[\/vc_column_text][image_with_animation image_url=&#8221;4881&#8243; image_size=&#8221;full&#8221; animation_type=&#8221;entrance&#8221; animation=&#8221;None&#8221; animation_movement_type=&#8221;transform_y&#8221; hover_animation=&#8221;none&#8221; alignment=&#8221;&#8221; img_link_large=&#8221;yes&#8221; img_link_caption=&#8221;yes&#8221; border_radius=&#8221;none&#8221; box_shadow=&#8221;none&#8221; image_loading=&#8221;default&#8221; max_width=&#8221;100%&#8221; max_width_mobile=&#8221;default&#8221;][\/vc_column][\/vc_row]\n","protected":false},"excerpt":{"rendered":"<p>[vc_row type=&#8221;in_container&#8221; full_screen_row_position=&#8221;middle&#8221; column_margin=&#8221;default&#8221; column_direction=&#8221;default&#8221; column_direction_tablet=&#8221;default&#8221; column_direction_phone=&#8221;default&#8221; scene_position=&#8221;center&#8221; text_color=&#8221;dark&#8221; text_align=&#8221;left&#8221; row_border_radius=&#8221;none&#8221; row_border_radius_applies=&#8221;bg&#8221; overflow=&#8221;visible&#8221; overlay_strength=&#8221;0.3&#8243; gradient_direction=&#8221;left_to_right&#8221; shape_divider_position=&#8221;bottom&#8221; bg_image_animation=&#8221;none&#8221;][vc_column column_padding=&#8221;no-extra-padding&#8221;&#8230;<\/p>\n","protected":false},"author":1,"featured_media":0,"parent":296,"menu_order":1,"comment_status":"closed","ping_status":"closed","template":"page-left-sidebar-parents.php","meta":{"footnotes":""},"categories":[],"tags":[],"class_list":["post-297","page","type-page","status-publish"],"aioseo_notices":[],"_links":{"self":[{"href":"https:\/\/www.lepeuplequimanque.org\/en\/wp-json\/wp\/v2\/pages\/297","targetHints":{"allow":["GET"]}}],"collection":[{"href":"https:\/\/www.lepeuplequimanque.org\/en\/wp-json\/wp\/v2\/pages"}],"about":[{"href":"https:\/\/www.lepeuplequimanque.org\/en\/wp-json\/wp\/v2\/types\/page"}],"author":[{"embeddable":true,"href":"https:\/\/www.lepeuplequimanque.org\/en\/wp-json\/wp\/v2\/users\/1"}],"replies":[{"embeddable":true,"href":"https:\/\/www.lepeuplequimanque.org\/en\/wp-json\/wp\/v2\/comments?post=297"}],"version-history":[{"count":0,"href":"https:\/\/www.lepeuplequimanque.org\/en\/wp-json\/wp\/v2\/pages\/297\/revisions"}],"up":[{"embeddable":true,"href":"https:\/\/www.lepeuplequimanque.org\/en\/wp-json\/wp\/v2\/pages\/296"}],"wp:attachment":[{"href":"https:\/\/www.lepeuplequimanque.org\/en\/wp-json\/wp\/v2\/media?parent=297"}],"wp:term":[{"taxonomy":"category","embeddable":true,"href":"https:\/\/www.lepeuplequimanque.org\/en\/wp-json\/wp\/v2\/categories?post=297"},{"taxonomy":"post_tag","embeddable":true,"href":"https:\/\/www.lepeuplequimanque.org\/en\/wp-json\/wp\/v2\/tags?post=297"}],"curies":[{"name":"wp","href":"https:\/\/api.w.org\/{rel}","templated":true}]}}

[vc_row type=&#8221;in_container&#8221; full_screen_row_position=&#8221;middle&#8221; column_margin=&#8221;default&#8221; column_direction=&#8221;default&#8221; column_direction_tablet=&#8221;default&#8221; column_direction_phone=&#8221;default&#8221; scene_position=&#8221;center&#8221; text_color=&#8221;dark&#8221; text_align=&#8221;left&#8221; row_border_radius=&#8221;none&#8221; row_border_radius_applies=&#8221;bg&#8221; overflow=&#8221;visible&#8221; overlay_strength=&#8221;0.3&#8243; gradient_direction=&#8221;left_to_right&#8221; shape_divider_position=&#8221;bottom&#8221; bg_image_animation=&#8221;none&#8221;][vc_column column_padding=&#8221;no-extra-padding&#8221; column_padding_tablet=&#8221;inherit&#8221; column_padding_phone=&#8221;inherit&#8221; column_padding_position=&#8221;all&#8221; column_element_direction_desktop=&#8221;default&#8221; column_element_spacing=&#8221;default&#8221; desktop_text_alignment=&#8221;default&#8221; tablet_text_alignment=&#8221;default&#8221; phone_text_alignment=&#8221;default&#8221; background_color_opacity=&#8221;1&#8243; background_hover_color_opacity=&#8221;1&#8243; column_backdrop_filter=&#8221;none&#8221; column_shadow=&#8221;none&#8221; column_border_radius=&#8221;none&#8221; column_link_target=&#8221;_self&#8221; column_position=&#8221;default&#8221; gradient_direction=&#8221;left_to_right&#8221; overlay_strength=&#8221;0.3&#8243; width=&#8221;1/1&#8243; tablet_width_inherit=&#8221;default&#8221; animation_type=&#8221;default&#8221; bg_image_animation=&#8221;none&#8221; border_type=&#8221;simple&#8221; column_border_width=&#8221;none&#8221; column_border_style=&#8221;solid&#8221;][vc_column_text]
<div align="center">
<div align="center">
<p>&nbsp;</p>
<p><span style="font-size: large;"><strong>Territoire perdu</strong><br />
</span><strong><span style="font-size: large;">de Pierre-Yves Vandeweerd<br />
</span>(80 min, 2010, France)</strong></p>
<p>Avant-première, en sa présence<br />
<strong>Ouverture du cycle</strong><br />
<strong><br />
<span style="font-size: small;">Mardi 20 septembre 2011, 20h</span><br />
Cinéma des Cinéastes<br />
</strong></p>
</div>
<div align="center"><a title="Territoire perdu de Pierre-Yves Vandeweerd, courtesy ZEUGMA FILMS" href="https://www.lepeuplequimanque.org/wp-content/gallery/bal2011/Pierre-Yves-Vandeweerd-TerritroirePerdu-1.jpg" rel="prettyPhoto[gallery-w52c]"><img decoding="async" style="width: 555px; height: 412px;" title="Territoire perdu de Pierre-Yves Vandeweerd, courtesy ZEUGMA FILMS" src="https://www.lepeuplequimanque.org/wp-content/gallery/bal2011/Pierre-Yves-Vandeweerd-TerritroirePerdu-1.jpg" alt="Pierre-Yves-Vandeweerd-TerritroirePerdu-1.jpg" /></a></div>
<p>&nbsp;</p>
<p align="justify">Traversé par un mur de 2400 Km construit par l’armée marocaine, le Sahara occidental est aujourd’hui découpé en deux parties, l’une occupée par le Maroc, l’autre sous contrôle du Front de Libération du Sahara occidental (Polisario). A partir de récits de fuite et d’exil, d’interminables attentes, de vies arrêtées et persécutées, venus des deux côtés du mur, ce film esquisse un portrait du peuple sahraoui, de ce territoire à l’image d’un désert des Tartares, de son enfermement dans les rêves des uns et des autres. Dans une esthétique qui sublime le réel, Territoire perdu résonne comme une partition contrastée entre paysages sonores, connaissance stratégique du désert, géopoétique nomade et guerre de basse intensité.</p>
<p align="justify"><em>Pierre-Yves Vandeweerd est un cinéaste belge. Ses films ont été, pour la plupart, tournés en Afrique : en Mauritanie (Némadis, des années sans nouvelles / Racines lointaines / Le Cercle des noyés), au Sahara occidental (Les Dormants / Territoire perdu), au Soudan (Closed district) et ont reçu de nombreux prix, dont le 1er Prix aux Ecrans Documentaires d’Arcueil, Prix FIPRESCI au Festival de Fribourg, 1er Prix aux Escales documentaires de la Rochelle, etc.</em></p>
<p>&nbsp;</p>
<div align="right">Curateurs: Aliocha Imhoff &amp; Kantuta Quiros</div>
<p align="justify"> </p>
</div>
[/vc_column_text][image_with_animation image_url=&#8221;4881&#8243; image_size=&#8221;full&#8221; animation_type=&#8221;entrance&#8221; animation=&#8221;None&#8221; animation_movement_type=&#8221;transform_y&#8221; hover_animation=&#8221;none&#8221; alignment=&#8221;&#8221; img_link_large=&#8221;yes&#8221; img_link_caption=&#8221;yes&#8221; border_radius=&#8221;none&#8221; box_shadow=&#8221;none&#8221; image_loading=&#8221;default&#8221; max_width=&#8221;100%&#8221; max_width_mobile=&#8221;default&#8221;][/vc_column][/vc_row]
