{"id":305,"date":"2011-09-07T00:38:28","date_gmt":"2011-09-06T23:38:28","guid":{"rendered":"https:\/\/www.lepeuplequimanque.org\/bal\/infos-pratiques"},"modified":"2023-11-04T20:10:44","modified_gmt":"2023-11-04T19:10:44","slug":"infos-pratiques","status":"publish","type":"page","link":"https:\/\/www.lepeuplequimanque.org\/en\/bal\/infos-pratiques\/","title":{"rendered":"Practical informations &#8211; thanks"},"content":{"rendered":"[vc_row type=&#8221;in_container&#8221; full_screen_row_position=&#8221;middle&#8221; column_margin=&#8221;default&#8221; column_direction=&#8221;default&#8221; column_direction_tablet=&#8221;default&#8221; column_direction_phone=&#8221;default&#8221; scene_position=&#8221;center&#8221; top_padding=&#8221;4%&#8221; text_color=&#8221;dark&#8221; text_align=&#8221;left&#8221; row_border_radius=&#8221;none&#8221; row_border_radius_applies=&#8221;bg&#8221; overflow=&#8221;visible&#8221; overlay_strength=&#8221;0.3&#8243; gradient_direction=&#8221;left_to_right&#8221; shape_divider_position=&#8221;bottom&#8221; bg_image_animation=&#8221;none&#8221; gradient_type=&#8221;default&#8221; shape_type=&#8221;&#8221;][vc_column column_padding=&#8221;no-extra-padding&#8221; column_padding_tablet=&#8221;inherit&#8221; column_padding_phone=&#8221;inherit&#8221; column_padding_position=&#8221;all&#8221; column_element_direction_desktop=&#8221;default&#8221; column_element_spacing=&#8221;default&#8221; desktop_text_alignment=&#8221;default&#8221; tablet_text_alignment=&#8221;default&#8221; phone_text_alignment=&#8221;default&#8221; background_color_opacity=&#8221;1&#8243; background_hover_color_opacity=&#8221;1&#8243; column_backdrop_filter=&#8221;none&#8221; column_shadow=&#8221;none&#8221; column_border_radius=&#8221;none&#8221; column_link_target=&#8221;_self&#8221; column_position=&#8221;default&#8221; gradient_direction=&#8221;left_to_right&#8221; overlay_strength=&#8221;0.3&#8243; width=&#8221;1\/1&#8243; tablet_width_inherit=&#8221;default&#8221; animation_type=&#8221;default&#8221; bg_image_animation=&#8221;none&#8221; border_type=&#8221;simple&#8221; column_border_width=&#8221;none&#8221; column_border_style=&#8221;solid&#8221;][vc_column_text]\n<div align=\"center\">\n<div align=\"left\">\n<h2 align=\"center\">Informations Pratiques<\/h2>\n<p class=\"MsoNormal\"><span style=\"font-size: 10pt; font-family: Times;\">\u00a0<\/span><\/p>\n<div align=\"left\">\n<p><a href=\"https:\/\/www.cinema-des-cineastes.fr\/\"><span style=\"font-size: large;\"><strong>Cin\u00e9ma des cin\u00e9astes<\/strong><\/span><br \/>\nhttps:\/\/www.cinema-des-cineastes.fr\/<\/a><\/p>\n<p>7 Avenue Clichy, 75017 Paris M\u00b0 Place de Clichy<span style=\"color: #ffffff;\"><span style=\"background-color: #000000;\"><br \/>\nBillet s\u00e9ance<\/span><\/span> <span class=\"postbody\">6 euros<br \/>\n<\/span><span style=\"color: #ffffff;\"><span style=\"background-color: #000000;\">Billet s\u00e9ance + exposition au BAL\u00a0<\/span><\/span>\u00a0<span class=\"postbody\"> 9 euros<\/span><br \/>\n<span style=\"color: #ffffff;\"><span style=\"background-color: #000000;\">Pass Cycle Complet (7 programmes)<\/span><\/span> 30 euros<br \/>\nLes s\u00e9ances ont lieu tous les samedis matin au Cin\u00e9ma des Cin\u00e9astes \u00e0 11H, s\u00e9ance d&#8217;ouverture le 20 septembre \u00e0 20H<\/p>\n<\/div>\n<div align=\"center\">\n<p>&nbsp;<\/p>\n<\/div>\n<\/div>\n<div align=\"center\">\u00a0<\/div>\n<\/div>\n<div align=\"center\">\n<p><iframe loading=\"lazy\" src=\"https:\/\/maps.google.fr\/maps\/ms?msa=0&amp;msid=209469803810563160703.0004ac4e0494a715e927c&amp;hl=fr&amp;ie=UTF8&amp;vpsrc=6&amp;ll=48.884021,2.328072&amp;spn=0.009877,0.022745&amp;z=15&amp;output=embed\" width=\"530\" height=\"350\" frameborder=\"0\" marginwidth=\"0\" marginheight=\"0\" scrolling=\"no\">&amp;amp;amp;amp;amp;amp;amp;amp;amp;lt;br \/&amp;amp;amp;amp;amp;amp;amp;amp;amp;gt;&amp;amp;amp;amp;amp;amp;amp;amp;amp;lt;small&amp;amp;amp;amp;amp;amp;amp;amp;amp;gt;Afficher &amp;amp;amp;amp;amp;amp;amp;amp;amp;lt;a style=&amp;amp;amp;amp;amp;amp;amp;amp;amp;quot;color: rgb(0, 0, 255); text-align: left;&amp;amp;amp;amp;amp;amp;amp;amp;amp;quot; href=&amp;amp;amp;amp;amp;amp;amp;amp;amp;quot;https:\/\/maps.google.fr\/maps\/ms?msa=0&amp;amp;amp;amp;amp;amp;amp;amp;amp;amp;amp;msid=209469803810563160703.0004ac4e0494a715e927c&amp;amp;amp;amp;amp;amp;amp;amp;amp;amp;amp;hl=fr&amp;amp;amp;amp;amp;amp;amp;amp;amp;amp;amp;ie=UTF8&amp;amp;amp;amp;amp;amp;amp;amp;amp;amp;amp;vpsrc=6&amp;amp;amp;amp;amp;amp;amp;amp;amp;amp;amp;ll=48.884021,2.328072&amp;amp;amp;amp;amp;amp;amp;amp;amp;amp;amp;spn=0.009877,0.022745&amp;amp;amp;amp;amp;amp;amp;amp;amp;amp;amp;z=15&amp;amp;amp;amp;amp;amp;amp;amp;amp;amp;amp;source=embed&amp;amp;amp;amp;amp;amp;amp;amp;amp;quot;&amp;amp;amp;amp;amp;amp;amp;amp;amp;gt;Cin\u00e9ma des cin\u00e9astes&amp;amp;amp;amp;amp;amp;amp;amp;amp;lt;\/a&amp;amp;amp;amp;amp;amp;amp;amp;amp;gt; sur une carte plus grande&amp;amp;amp;amp;amp;amp;amp;amp;amp;lt;\/small&amp;amp;amp;amp;amp;amp;amp;amp;amp;gt;<\/iframe><\/p>\n<p>&nbsp;<\/p>\n<div align=\"left\">\n<p>&nbsp;<\/p>\n<p><strong>Curateurs<\/strong>: Aliocha Imhoff &amp; Kantuta Quiros<br \/>\n<strong>Traductions<\/strong>: Boris Azemar<\/p>\n<div align=\"justify\">\n<p><strong>Remerciements chaleureux<\/strong> \u00e0 Diane Dufour, Jean-Yves Jouannais, l\u2019\u00e9quipe du BAL (Aur\u00e9lie Wacquant-Mazura, Jeanne Vellard, J\u00e9r\u00f4me Meudic), Cin\u00e9ma des Cin\u00e9astes (Sophie Fangain, Arnaud Boufassa), Documentaire sur Grand Ecran (Emmanuelle Madeline, Laurence Conan), BUGADA &amp; CARGNEL (Cosmic Galerie) (Virginie Barbier), Wilkinson Gallery (Tarikh-Oliver Bull), David Zwirner Gallery (Cristina Revert, Erin Carroll), Galerie Jousse Entreprise (Sophie Vigourous), Edouard Beau, Epileptic (Annick Lemonnier), Light Cone (Christophe Bichon), Zeugma Films (Laetitia Jourdan), Max Wigram Gallery (Marie-France Kittler), Anna Schwartz Gallery (Ash Kilmartin), Basma Alsharif, Emanuel Licha, Dominic Angerame, Renzo Martens, Daniel Eisenberg, Wael Noureddine, Jon Thomson &amp; Alison Craighead, Armin Linke, Francesco Mattuzzi, Francis Alys, ainsi que tous les artistes.<\/p>\n<\/div>\n<p>&nbsp;<\/p>\n<\/div>\n<\/div>\n[\/vc_column_text][\/vc_column][\/vc_row]\n","protected":false},"excerpt":{"rendered":"<p>[vc_row type=&#8221;in_container&#8221; full_screen_row_position=&#8221;middle&#8221; column_margin=&#8221;default&#8221; column_direction=&#8221;default&#8221; column_direction_tablet=&#8221;default&#8221; column_direction_phone=&#8221;default&#8221; scene_position=&#8221;center&#8221; top_padding=&#8221;4%&#8221; text_color=&#8221;dark&#8221; text_align=&#8221;left&#8221; row_border_radius=&#8221;none&#8221; row_border_radius_applies=&#8221;bg&#8221; overflow=&#8221;visible&#8221; overlay_strength=&#8221;0.3&#8243; gradient_direction=&#8221;left_to_right&#8221; shape_divider_position=&#8221;bottom&#8221; bg_image_animation=&#8221;none&#8221;&#8230;<\/p>\n","protected":false},"author":1,"featured_media":0,"parent":296,"menu_order":8,"comment_status":"closed","ping_status":"closed","template":"page-left-sidebar-parents.php","meta":{"footnotes":""},"categories":[],"tags":[],"class_list":["post-305","page","type-page","status-publish"],"aioseo_notices":[],"_links":{"self":[{"href":"https:\/\/www.lepeuplequimanque.org\/en\/wp-json\/wp\/v2\/pages\/305","targetHints":{"allow":["GET"]}}],"collection":[{"href":"https:\/\/www.lepeuplequimanque.org\/en\/wp-json\/wp\/v2\/pages"}],"about":[{"href":"https:\/\/www.lepeuplequimanque.org\/en\/wp-json\/wp\/v2\/types\/page"}],"author":[{"embeddable":true,"href":"https:\/\/www.lepeuplequimanque.org\/en\/wp-json\/wp\/v2\/users\/1"}],"replies":[{"embeddable":true,"href":"https:\/\/www.lepeuplequimanque.org\/en\/wp-json\/wp\/v2\/comments?post=305"}],"version-history":[{"count":0,"href":"https:\/\/www.lepeuplequimanque.org\/en\/wp-json\/wp\/v2\/pages\/305\/revisions"}],"up":[{"embeddable":true,"href":"https:\/\/www.lepeuplequimanque.org\/en\/wp-json\/wp\/v2\/pages\/296"}],"wp:attachment":[{"href":"https:\/\/www.lepeuplequimanque.org\/en\/wp-json\/wp\/v2\/media?parent=305"}],"wp:term":[{"taxonomy":"category","embeddable":true,"href":"https:\/\/www.lepeuplequimanque.org\/en\/wp-json\/wp\/v2\/categories?post=305"},{"taxonomy":"post_tag","embeddable":true,"href":"https:\/\/www.lepeuplequimanque.org\/en\/wp-json\/wp\/v2\/tags?post=305"}],"curies":[{"name":"wp","href":"https:\/\/api.w.org\/{rel}","templated":true}]}}

[vc_row type=&#8221;in_container&#8221; full_screen_row_position=&#8221;middle&#8221; column_margin=&#8221;default&#8221; column_direction=&#8221;default&#8221; column_direction_tablet=&#8221;default&#8221; column_direction_phone=&#8221;default&#8221; scene_position=&#8221;center&#8221; top_padding=&#8221;4%&#8221; text_color=&#8221;dark&#8221; text_align=&#8221;left&#8221; row_border_radius=&#8221;none&#8221; row_border_radius_applies=&#8221;bg&#8221; overflow=&#8221;visible&#8221; overlay_strength=&#8221;0.3&#8243; gradient_direction=&#8221;left_to_right&#8221; shape_divider_position=&#8221;bottom&#8221; bg_image_animation=&#8221;none&#8221; gradient_type=&#8221;default&#8221; shape_type=&#8221;&#8221;][vc_column column_padding=&#8221;no-extra-padding&#8221; column_padding_tablet=&#8221;inherit&#8221; column_padding_phone=&#8221;inherit&#8221; column_padding_position=&#8221;all&#8221; column_element_direction_desktop=&#8221;default&#8221; column_element_spacing=&#8221;default&#8221; desktop_text_alignment=&#8221;default&#8221; tablet_text_alignment=&#8221;default&#8221; phone_text_alignment=&#8221;default&#8221; background_color_opacity=&#8221;1&#8243; background_hover_color_opacity=&#8221;1&#8243; column_backdrop_filter=&#8221;none&#8221; column_shadow=&#8221;none&#8221; column_border_radius=&#8221;none&#8221; column_link_target=&#8221;_self&#8221; column_position=&#8221;default&#8221; gradient_direction=&#8221;left_to_right&#8221; overlay_strength=&#8221;0.3&#8243; width=&#8221;1/1&#8243; tablet_width_inherit=&#8221;default&#8221; animation_type=&#8221;default&#8221; bg_image_animation=&#8221;none&#8221; border_type=&#8221;simple&#8221; column_border_width=&#8221;none&#8221; column_border_style=&#8221;solid&#8221;][vc_column_text]
<div align="center">
<div align="left">
<h2 align="center">Informations Pratiques</h2>
<p class="MsoNormal"><span style="font-size: 10pt; font-family: Times;"> </span></p>
<div align="left">
<p><a href="https://www.cinema-des-cineastes.fr/"><span style="font-size: large;"><strong>Cinéma des cinéastes</strong></span><br />
https://www.cinema-des-cineastes.fr/</a></p>
<p>7 Avenue Clichy, 75017 Paris M° Place de Clichy<span style="color: #ffffff;"><span style="background-color: #000000;"><br />
Billet séance</span></span> <span class="postbody">6 euros<br />
</span><span style="color: #ffffff;"><span style="background-color: #000000;">Billet séance + exposition au BAL </span></span> <span class="postbody"> 9 euros</span><br />
<span style="color: #ffffff;"><span style="background-color: #000000;">Pass Cycle Complet (7 programmes)</span></span> 30 euros<br />
Les séances ont lieu tous les samedis matin au Cinéma des Cinéastes à 11H, séance d&#8217;ouverture le 20 septembre à 20H</p>
</div>
<div align="center">
<p>&nbsp;</p>
</div>
</div>
<div align="center"> </div>
</div>
<div align="center">
<p><iframe loading="lazy" src="https://maps.google.fr/maps/ms?msa=0&amp;msid=209469803810563160703.0004ac4e0494a715e927c&amp;hl=fr&amp;ie=UTF8&amp;vpsrc=6&amp;ll=48.884021,2.328072&amp;spn=0.009877,0.022745&amp;z=15&amp;output=embed" width="530" height="350" frameborder="0" marginwidth="0" marginheight="0" scrolling="no">&amp;amp;amp;amp;amp;amp;amp;amp;amp;lt;br /&amp;amp;amp;amp;amp;amp;amp;amp;amp;gt;&amp;amp;amp;amp;amp;amp;amp;amp;amp;lt;small&amp;amp;amp;amp;amp;amp;amp;amp;amp;gt;Afficher &amp;amp;amp;amp;amp;amp;amp;amp;amp;lt;a style=&amp;amp;amp;amp;amp;amp;amp;amp;amp;quot;color: rgb(0, 0, 255); text-align: left;&amp;amp;amp;amp;amp;amp;amp;amp;amp;quot; href=&amp;amp;amp;amp;amp;amp;amp;amp;amp;quot;https://maps.google.fr/maps/ms?msa=0&amp;amp;amp;amp;amp;amp;amp;amp;amp;amp;amp;msid=209469803810563160703.0004ac4e0494a715e927c&amp;amp;amp;amp;amp;amp;amp;amp;amp;amp;amp;hl=fr&amp;amp;amp;amp;amp;amp;amp;amp;amp;amp;amp;ie=UTF8&amp;amp;amp;amp;amp;amp;amp;amp;amp;amp;amp;vpsrc=6&amp;amp;amp;amp;amp;amp;amp;amp;amp;amp;amp;ll=48.884021,2.328072&amp;amp;amp;amp;amp;amp;amp;amp;amp;amp;amp;spn=0.009877,0.022745&amp;amp;amp;amp;amp;amp;amp;amp;amp;amp;amp;z=15&amp;amp;amp;amp;amp;amp;amp;amp;amp;amp;amp;source=embed&amp;amp;amp;amp;amp;amp;amp;amp;amp;quot;&amp;amp;amp;amp;amp;amp;amp;amp;amp;gt;Cinéma des cinéastes&amp;amp;amp;amp;amp;amp;amp;amp;amp;lt;/a&amp;amp;amp;amp;amp;amp;amp;amp;amp;gt; sur une carte plus grande&amp;amp;amp;amp;amp;amp;amp;amp;amp;lt;/small&amp;amp;amp;amp;amp;amp;amp;amp;amp;gt;</iframe></p>
<p>&nbsp;</p>
<div align="left">
<p>&nbsp;</p>
<p><strong>Curateurs</strong>: Aliocha Imhoff &amp; Kantuta Quiros<br />
<strong>Traductions</strong>: Boris Azemar</p>
<div align="justify">
<p><strong>Remerciements chaleureux</strong> à Diane Dufour, Jean-Yves Jouannais, l’équipe du BAL (Aurélie Wacquant-Mazura, Jeanne Vellard, Jérôme Meudic), Cinéma des Cinéastes (Sophie Fangain, Arnaud Boufassa), Documentaire sur Grand Ecran (Emmanuelle Madeline, Laurence Conan), BUGADA &amp; CARGNEL (Cosmic Galerie) (Virginie Barbier), Wilkinson Gallery (Tarikh-Oliver Bull), David Zwirner Gallery (Cristina Revert, Erin Carroll), Galerie Jousse Entreprise (Sophie Vigourous), Edouard Beau, Epileptic (Annick Lemonnier), Light Cone (Christophe Bichon), Zeugma Films (Laetitia Jourdan), Max Wigram Gallery (Marie-France Kittler), Anna Schwartz Gallery (Ash Kilmartin), Basma Alsharif, Emanuel Licha, Dominic Angerame, Renzo Martens, Daniel Eisenberg, Wael Noureddine, Jon Thomson &amp; Alison Craighead, Armin Linke, Francesco Mattuzzi, Francis Alys, ainsi que tous les artistes.</p>
</div>
<p>&nbsp;</p>
</div>
</div>
[/vc_column_text][/vc_column][/vc_row]
